2?
2
What is the hundreds digit of 666315?
3
What is the units digit of 13875581?
1
What is the tens digit of 640436?
3
What is the units digit of 554888?
8
What is the tens digit of 156237?
3
What is the hundred thousands digit of 1392093?
3
What is the thousands digit of 7713173?
3
What is the thousands digit of 221293?
1
What is the units digit of 11485?
5
What is the ten thousands digit of 14943492?
4
What is the tens digit of 2798956?
5
What is the hundreds digit of 21181500?
5
What is the millions digit of 5670086?
5
What is the hundred thousands digit of 2550037?
5
What is the units digit of 8261201?
1
What is the millions digit of 5111292?
5
What is the hundreds digit of 14478221?
2
What is the tens digit of 939875?
7
What is the ten thousands digit of 8588996?
8
What is the hundreds digit of 16572?
5
What is the hundreds digit of 2758803?
8
What is the units digit of 1194440?
0
What is the thousands digit of 39426609?
6
What is the tens digit of 111018?
1
What is the tens digit of 276211?
1
What is the hundreds digit of 22906772?
7
What is the hundred thousands digit of 366483?
3
What is the thousands digit of 96295?
6
What is the tens digit of 216557?
5
What is the ten thousands digit of 1636334?
3
What is the hundreds digit of 22503919?
9
What is the ten thousands digit of 245480?
4
What is the thousands digit of 791532?
1
What is the thousands digit of 205805?
5
What is the ten thousands digit of 468177?
6
What is the units digit of 566558?
8
What is the millions digit of 7981304?
7
What is the ten thousands digit of 1217636?
1
What is the units digit of 721404?
4
What is the tens digit of 6527515?
1
What is the units digit of 12503067?
7
What is the thousands digit of 328537?
8
What is the ten millions digit of 16299578?
1
What is the hundreds digit of 6268935?
9
What is the tens digit of 886654?
5
What is the millions digit of 21289373?
1
What is the ten thousands digit of 4561203?
6
What is the ten thousands digit of 632764?
3
What is the units digit of 311779?
9
What is the hundreds digit of 24888439?
4
What is the units digit of 1621267?
7
What is the ten thousands digit of 62541?
6
What is the tens digit of 6884756?
5
What is the units digit of 69581?
1
What is the millions digit of 12457754?
2
What is the ten thousands digit of 342544?
4
What is the hundred thousands digit of 5369322?
3
What is the thousands digit of 2713302?
3
What is the thousands digit of 1245611?
5
What is the hundred thousands digit of 1961934?
9
What is the thousands digit of 15549713?
9
What is the hundreds digit of 274699?
6
What is the millions digit of 1106979?
1
What is the millions digit of 2105061?
2
What is the hundreds digit of 855928?
9
What is the units digit of 112190?
0
What is the units digit of 11540143?
3
What is the hundred thousands digit of 7691063?
6
What is the millions digit of 3471588?
3
What is the ten thousands digit of 3554822?
5
What is the ten thousands digit of 39466?
3
What is the units digit of 5011246?
6
What is the tens digit of 216313?
1
What is the hundred thousands digit of 1423550?
4
What is the hundred thousands digit of 272095?
2
What is the thousands digit of 5356744?
6
What is the thousands digit of 23195?
3
What is the hundred thousands digit of 13975752?
9
What is the hundred thousands digit of 220959?
2
What is the units digit of 205735?
5
What is the ten millions digit of 41196376?
4
What is the ten thousands digit of 354722?
5
What is the units digit of 3604870?
0
What is the units digit of 13145030?
0
What is the thousands digit of 133616?
3
What is the units digit of 1410842?
2
What is the units digit of 584080?
0
What is the units digit of 2054610?
0
What is the thousands digit of 3566154?
6
What is the hundreds digit of 2302881?
8
What is the units digit of 7229727?
7
What is the ten thousands digit of 167374?
6
What is the millions digit of 5087463?
5
What is the ten thousands digit of 3020306?
2
What is the tens digit of 4449103?
0
What is the hundreds digit of 135826?
8
What is the thousands digit of 6162714?
2
What is the hundreds digit of 271694?
6
What is the ten thousands digit of 91643?
9
What is the tens digit of 628965?
6
What is the tens digit of 2707286?
8
What is the hundreds digit of 1759787?
7
What is the thousands digit of 2061190?
1
What is the units digit of 81695?
5
What is the ten thousands digit of 10729488?
2
What is the thousands digit of 138113?
8
What is the ten thousands digit of 4452083?
5
What is the ten millions digit of 17271397?
1
What is the ten thousands digit of 84969?
8
What is the ten thousands digit of 1393512?
9
What is the units digit of 464639?
9
What is the hundreds digit of 7404515?
5
What is the ten thousands digit of 461088?
6
What is the thousands digit of 179323?
9
What is the ten thousands digit of 781552?
8
What is the hundreds digit of 4602151?
1
What is the thousands digit of 7552566?
2
What is the hundred thousands digit of 11621097?
6
What is the units digit of 36330302?
2
What is the thousands digit of 2436403?
6
What is the units digit of 738317?
7
What is the hundreds digit of 29165416?
4
What is the ten thousands digit of 61029?
6
What is the hundred thousands digit of 19613467?
6
What is the millions digit of 1875040?
1
What is the tens digit of 7695338?
3
What is the tens digit of 110855?
5
What is the hundreds digit of 4616603?
6
What is the hundreds digit of 75499?
4
What is the hundred thousands digit of 5768716?
7
What is the hundred thousands digit of 7335045?
3
What is the tens digit of 521519?
1
What is the ten thousands digit of 565160?
6
What is the hundred thousands digit of 541121?
5
What is the ten millions digit of 10641795?
1
What is the hundreds digit of 4021893?
8
What is the hundreds digit of 1477585?
5
What is the units digit of 4831856?
6
What is the hundred thousands digit of 2062099?
0
What is the units digit of 76506?
6
What is the hundreds digit of 154130?
1
What is the units digit of 89256?
6
What is the ten thousands digit of 34317?
3
What is the thousands digit of 94207?
4
What is the thousands digit of 4361476?
1
What is the thousands digit of 33560272?
0
What is the thousands digit of 237994?
7
What is the hundreds digit of 13813393?
3
What is the tens digit of 8514192?
9
What is the hundreds digit of 15449181?
1
What is the units digit of 710412?
2
What is the units digit of 1712332?
2
What is the units digit of 143816?
6
What is the ten thousands digit of 422202?
2
What is the millions digit of 3524652?
3
What is the hundreds digit of 442968?
9
What is the tens digit of 2726743?
4
What is the tens digit of 119682?
8
What is the thousands digit of 251443?
1
What is the millions digit of 2957396?
2
What is the millions digit of 3602496?
3
What is the thousands digit of 247132?
7
What is the millions digit of 6087472?
6
What is the millions digit of 9731374?
9
What is the ten millions digit of 13241795?
1
What is the units digit of 125455?
5
What is the ten thousands digit of 764433?
6
What is the hundred thousands digit of 377469?
3
What is the millions digit of 1064157?
1
What is the ten thousands digit of 156360?
5
What is the hundreds digit of 6660240?
2
What is the millions digit of 1356358?
1
What is the hundreds digit of 30607?
6
What is the units digit of 1086337?
7
What is the units digit of 49724?
4
What is the millions digit of 4871224?
4
What is the units digit of 89009?
9
What is the thousands digit of 381783?
1
What is the millions digit of 2905175?
2
What is the thousands digit of 1232255?
2
What is the thousands digit of 2089577?
9
What is the hundred thousands digit of 3901862?
9
What is the thousands digit of 7683514?
3
What is the hundred thousands digit of 4659239?
6
What is the thousands digit of 2376737?
6
What is the ten thousands digit of 521557?
2
What is the hundreds digit of 2835851?
8
What is the hundreds digit of 1297277?
2
What is the ten thousands digit of 828365?
2
What is the hundred thousands digit of 2075319?
0
What is the hundred thousands digit of 190618?
1
What is the hundred thousands digit of 676571?
6
What is the tens digit of 39742?
4
What is the thousands digit of 215248?
5
What is the hundred thousands digit of 1286586?
2
What is the millions digit of 2042140?
2
What is t